{"id":2355,"date":"2026-03-03T17:05:21","date_gmt":"2026-03-03T15:05:21","guid":{"rendered":"https:\/\/relaxed-galois.46-30-124-30.plesk.page\/?page_id=2355"},"modified":"2026-03-04T10:02:42","modified_gmt":"2026-03-04T08:02:42","slug":"vedtaegter-og-forretningsordner","status":"publish","type":"page","link":"https:\/\/relaxed-galois.46-30-124-30.plesk.page\/?page_id=2355","title":{"rendered":"Vedt\u00e6gter og forretningsordner"},"content":{"rendered":"<h3><strong>Vedt\u00e6gter og Forretningsordener<\/strong><\/h3>\n<p>Stoholm Idr\u00e6tsforening er en paraplyorganisation, der samler flere selvst\u00e6ndige idr\u00e6tsafdelinger under \u00e9n f\u00e6lles struktur. Vores f\u00e6lles vedt\u00e6gter danner grundlaget for samarbejdet og sikrer en klar og gennemsigtig organisering af foreningen som helhed.<\/p>\n<p>Hver afdeling \u2013 <strong>gymnastik, h\u00e5ndbold, atletik og fodbold<\/strong> \u2013 har sin egen forretningsorden, som fungerer som et styringsdokument for den daglige drift og beslutningsprocesser i afdelingen. Disse dokumenter beskriver blandt andet afdelingsbestyrelsens ansvar, m\u00f8destruktur og procedurer for \u00f8konomi og medlemsaktiviteter.<\/p>\n<p>Her p\u00e5 siden kan du finde:<\/p>\n<ul>\n<li><strong>Stoholm Idr\u00e6tsforenings f\u00e6lles vedt\u00e6gter<\/strong><\/li>\n<li><strong>Forretningsordener for hver afdeling<\/strong><\/li>\n<\/ul>\n<p>Vi tror p\u00e5, at tydelige rammer og lokal forankring skaber de bedste betingelser for et aktivt og engageret idr\u00e6tsliv i Stoholm.<\/p>\n<p>Love for<br \/>\nStoholm Idr\u00e6tsforening<\/p>\n<p>Stiftet 15. april 1921<\/p>\n<ul>\n<li>1 Navn<br \/>\nForeningens navn er Stoholm Idr\u00e6tsforening (SIF). Foreningen er hjemmeh\u00f8rende i Viborg Kommune.<\/li>\n<li>2 Form\u00e5l<br \/>\nSIFs form\u00e5l er at tilbyde idr\u00e6t og samv\u00e6r for alle borgerne i lokalsamfundet i og omkring Stoholm.<\/li>\n<\/ul>\n<p>SIF \u00f8nsker at v\u00e6re synlig og aktiv i lokalsamfundet. Vi \u00f8nsker at tilbyde vores aktiviteter i gode og trygge rammer, for b\u00f8rn, unge, voksne og \u00e6ldre. Vi arbejder for et foreningsliv pr\u00e6get af dialog, god omgangstone, respekt og tolerance.<\/p>\n<p>SIF \u00f8nsker at underst\u00f8tte et st\u00e6rkt f\u00e6llesskab mellem lokalsamfundets akt\u00f8rer, og vi st\u00f8tter op om relevante arrangementer i lokalsamfundet, herunder hj\u00e6lpe hinanden med at koordinere arrangementer og rekruttere frivillige.<\/p>\n<ul>\n<li>3 Medlemskab<br \/>\nSom aktivt medlem optages alle, der vil dyrke idr\u00e6t. Foreningen er medlem af Danmarks Idr\u00e6tsforbund (DIF), Danske Gymnastik- og Idr\u00e6tsforeninger (DGI) og Viborg Idr\u00e6tsr\u00e5d og er underlagt deres love og bestemmelser. Medlemmer har adgang til og stemmeret p\u00e5 afdelingernes \u00e5rsm\u00f8der, hvor medlemmerne betaler kontingent, samt den \u00e5rlige ordin\u00e6re generalforsamling og i tilf\u00e6lde af eventuelle ekstraordin\u00e6re generalforsamlinger i SIF.<\/li>\n<\/ul>\n<p>Alle, der \u00f8nsker at st\u00f8tte op om foreningens form\u00e5l, kan blive optaget som passivt medlem af foreningen. Disse medlemmer har adgang til og stemmeret p\u00e5 generalforsamlinger i SIF.<\/p>\n<p>For SIF\u2019s generalforsamling og \u00e5rsm\u00f8der g\u00e6lder det, at samtlige st\u00f8ttemedlemmer og aktive medlemmer har adgang og stemmeret, n\u00e5r blot de p\u00e5 det tidspunkt, hvor generalforsamlingen eller \u00e5rsm\u00f8det afholdes, er fyldt 16 \u00e5r.<\/p>\n<p>For aktive idr\u00e6tsud\u00f8vere under 16 \u00e5r, kan en for\u00e6lder deltage med stemmeret. Valgbare er alle de stemmeberettigede, dog kr\u00e6ves det at v\u00e6re fyldt 18 \u00e5r for medlemmer valgt til hovedbestyrelsen.<\/p>\n<p>&nbsp;<\/p>\n<ul>\n<li>4 Organisering<br \/>\nForeningen best\u00e5r af en hovedbestyrelse (HB) som tegner SIF i alle foreningens f\u00e6llesanliggender. HB er foreningens \u00f8verste ledelse og v\u00e6lges p\u00e5 den ordin\u00e6re generalforsamling.<\/li>\n<\/ul>\n<p>For hver idr\u00e6tsgren, der findes inden for foreningen, skal der oprettes en selvst\u00e6ndig afdeling med egen bestyrelse og eget regnskab. En afdelingsbestyrelse sikrer afdelingens daglige drift, og er s\u00e5ledes afdelingens \u00f8verste myndighed og ledelse.<\/p>\n<p>Oprettelse af nye og opl\u00f8sning af afdelinger kan efter skriftligt forslag vedtages p\u00e5 den \u00e5rlige ordin\u00e6re generalforsamling.<\/p>\n<p>Oprettelse og nedl\u00e6ggelse af konti i banken, samt aftaler vedr. betalingsformidling varetages af formand og kasserer i afdelingen.<\/p>\n<p>&nbsp;<\/p>\n<ul>\n<li>5 Generalforsamlingen<br \/>\nDen ordin\u00e6re generalforsamling afholdes inden udgangen af marts m\u00e5ned. Indkaldelse skal ske med 14 dages varsel p\u00e5 hjemmesiden, sociale medier og eventuelt via mail til de medlemmer, der er registreret med mail i foreningens adressekartotek.<\/li>\n<\/ul>\n<p>Forslag der \u00f8nskes behandlet p\u00e5 generalforsamlingen skal v\u00e6re foreningens formand eller dennes stedfortr\u00e6der i h\u00e6nde senest 7 dage f\u00f8r generalforsamlingen afholdes.<\/p>\n<p>Den ordin\u00e6re generalforsamlings dagsorden:<br \/>\n1) Valg af dirigent<br \/>\n2) Valg af stemmet\u00e6llere<br \/>\n3) Hovedbestyrelses Formandens beretning<br \/>\n4) HB-kassereren freml\u00e6gger Idr\u00e6tsforeningens samlede reviderede regnskab til godkendelse<br \/>\n5) Fasts\u00e6ttelse af kontingent for st\u00f8ttemedlemmer.<br \/>\n6) Indkomne forslag<br \/>\n7) Godkendelse af de efter \u00a711 foretagne indstillinger<br \/>\n8) Valg iflg. \u00a77 og \u00a714<br \/>\n9) Eventuelt<\/p>\n<p>Bem\u00e6rk jf. punkt 4, at de enkelte afdelingers regnskab ikke gennemg\u00e5s. Det sker p\u00e5 \u00e5rsm\u00f8derne.<\/p>\n<p>Der kan p\u00e5 foreningens generalforsamling ikke stemmes ved fuldmagt, stemmeret opn\u00e5s kun ved et personligt fremm\u00f8de. Et medlem, der er forhindret i at v\u00e6re til stede p\u00e5 en generalforsamling, kan kun indv\u00e6lges, hvis vedkommende skriftligt har erkl\u00e6ret sig villig til at modtage valg. Ethvert medlem, der foresl\u00e5s til valg, det v\u00e6re sig enten HB, en afdelingsbestyrelse eller revisor, kan undsl\u00e5 sig dette.<\/p>\n<ul>\n<li>6 Generalforsamlingens kompetence<br \/>\nGeneralforsamlingen er den h\u00f8jeste myndighed i foreningen, og kun den kan forandre vedt\u00e6gterne.<\/li>\n<\/ul>\n<p>En generalforsamling er beslutningsdygtig uanset antallet af fremm\u00f8dte medlemmer. Alle afg\u00f8relser tr\u00e6ffes ved simpelt flertal. I tilf\u00e6lde af stemmelighed vil formandens stemme v\u00e6re udslagsgivende.<\/p>\n<p>&nbsp;<\/p>\n<ul>\n<li>7 Ekstraordin\u00e6r generalforsamling<br \/>\nEkstraordin\u00e6r generalforsamling kan n\u00e5r som helst afholdes p\u00e5 foranledning af:<br \/>\n1. HB<br \/>\n2. En hvilken som helst afdelingsbestyrelse<br \/>\n3. Efter fremkommeligt skriftligt motiveret forslag herom, underskrevet af mindst 15 af foreningens medlemmer.<\/li>\n<\/ul>\n<p>En ekstraordin\u00e6r generalforsamling kan indkaldes med 10 dages varsel via opslag p\u00e5 foreningens hjemmeside. Varslingen skal indeholde motiveret dagsordensforslag.<\/p>\n<ul>\n<li>8 Hovedbestyrelsen<br \/>\nHB best\u00e5r af 4 medlemmer valgt p\u00e5 den ordin\u00e6re generalforsamling efter nedenst\u00e5ende turnus samt en repr\u00e6sentant udpeget fra hver afdelingsbestyrelse.<\/li>\n<\/ul>\n<p>Her v\u00e6lges i lige \u00e5r en kasserer og et menigt medlem og i ulige \u00e5r v\u00e6lges 2 menige medlemmer. Valgene er g\u00e6ldende for 2 \u00e5r.<br \/>\nHvert \u00e5r v\u00e6lges 2 suppleanter til HB. Valgene g\u00e6lder for 1 \u00e5r.<\/p>\n<p>HB konstituerer sig efterf\u00f8lgende med en formand, n\u00e6stformand og en sekret\u00e6r p\u00e5 det f\u00f8rstkommende m\u00f8de efter den ordin\u00e6re generalforsamling. Denne konstituering g\u00e6lder for 1 \u00e5r.<\/p>\n<ul>\n<li>9 Forretningsorden<br \/>\nHB fasts\u00e6tter selv sin forretningsorden. HB kan neds\u00e6tte et forretningsudvalg, der kan varetage foreningens daglige drift og ledelse.<\/li>\n<\/ul>\n<p>N\u00e6stformanden skal, n\u00e5r formanden er forhindret, p\u00e5tage sig de pligter, der ellers p\u00e5hviler formanden. Ved formandens eventuelle afgang uden for den i \u00a78 n\u00e6vnte turnus skal n\u00e6stformanden indtil n\u00e6ste ordin\u00e6re generalforsamling fungere som formand. Det p\u00e5hviler den valgte sekret\u00e6r, eller subsidi\u00e6rt<\/p>\n<p>et andet af HB udpeget bestyrelsesmedlem at f\u00f8re beslutningsprotokol for samtlige HB-m\u00f8der og generalforsamlinger.<\/p>\n<ul>\n<li>10 Kontingent<\/li>\n<\/ul>\n<p>Der betales kontingent for hver aktivitet, der deltages i. Kontingentet tilfalder den p\u00e5g\u00e6ldende afdeling. Kontingentet kan variere fra afdeling til afdeling, og fasts\u00e6ttes for et \u00e5r ad gangen p\u00e5 afdelingernes storm\u00f8der. Efterf\u00f8lgende godkendes kontinentet i HB.<\/p>\n<p>Kontingentrestance p\u00e5 mere end et halvt \u00e5r til en eller flere af foreningens afdelinger kan medf\u00f8re tab af medlemsrettigheder til hele klubben og samtlige dens aktiviteter. Fornyet medlemskab vil f\u00f8rst kunne oprettes efter indbetaling af restancen.<\/p>\n<p>Kontingentet for st\u00f8ttemedlemmer fasts\u00e6ttes for et \u00e5r ad gangen p\u00e5 den \u00e5rlige ordin\u00e6re generalforsamling i SIF.<\/p>\n<p>\u00a711 Storm\u00f8de i afdelinger<br \/>\nHver afdeling holder storm\u00f8de senest 7 dage f\u00f8r den ordin\u00e6re generalforsamling. Storm\u00f8det skal v\u00e6re varslet 4 uger inden afholdelse via opslag p\u00e5 hovedforeningens og afdelingens hjemmeside og sociale medier.<\/p>\n<p>P\u00e5 storm\u00f8det behandles som minimum f\u00f8lgende punkter:<\/p>\n<ol>\n<li>Valg af ordstyrer, referent og stemmet\u00e6ller<\/li>\n<li>Formandens beretning<\/li>\n<li>Freml\u00e6ggelse af afdelingens regnskab til godkendelse<\/li>\n<li>Indkomne forslag<\/li>\n<li>Forslag til handleplan og budget<\/li>\n<li>Valg af afdelingsbestyrelse og suppleanter<\/li>\n<li>Fasts\u00e6ttelse af afdelingens kontingent den kommende s\u00e6son<\/li>\n<\/ol>\n<p>Afdelingsbestyrelsen konstituerer sig p\u00e5 f\u00f8rste m\u00f8de efter storm\u00f8det med formand, n\u00e6stformand, kasserer og sekret\u00e6r. Sekret\u00e6ren f\u00f8rer referat fra samtlige afdelingsbestyrelsesm\u00f8der og storm\u00f8der. Blandt medlemmerne af afdelingsbestyrelsen udpeges et medlem til HB.<\/p>\n<p>En afdelingsbestyrelse kan best\u00e5 af 3-7 medlemmer.<br \/>\nMedlemmerne v\u00e6lges for 2 \u00e5r, s\u00e5ledes at der i ulige \u00e5r v\u00e6lges op til 3 personer og i lige \u00e5r v\u00e6lges op til 4 personer.<\/p>\n<p>Forslag, der \u00f8nskes behandlet p\u00e5 storm\u00f8det, skal v\u00e6re formanden i h\u00e6nde skriftligt senest 7 dage f\u00f8r storm\u00f8det.<\/p>\n","protected":false},"excerpt":{"rendered":"<p>Vedt\u00e6gter og Forretningsordener Stoholm Idr\u00e6tsforening er en paraplyorganisation, der samler flere selvst\u00e6ndige idr\u00e6tsafdelinger under \u00e9n f\u00e6lles struktur. Vores f\u00e6lles vedt\u00e6gter danner grundlaget for samarbejdet og sikrer en klar og gennemsigtig organisering af foreningen som helhed. Hver afdeling \u2013 gymnastik, h\u00e5ndbold, atletik og fodbold \u2013 har sin egen forretningsorden, som fungerer som et styringsdokument for den [&hellip;]<\/p>\n","protected":false},"author":4,"featured_media":1894,"parent":26,"menu_order":0,"comment_status":"closed","ping_status":"closed","template":"","meta":{"_et_pb_use_builder":"","_et_pb_old_content":"","_et_gb_content_width":"","footnotes":""},"class_list":["post-2355","page","type-page","status-publish","has-post-thumbnail","hentry"],"_links":{"self":[{"href":"https:\/\/relaxed-galois.46-30-124-30.plesk.page\/index.php?rest_route=\/wp\/v2\/pages\/2355","targetHints":{"allow":["GET"]}}],"collection":[{"href":"https:\/\/relaxed-galois.46-30-124-30.plesk.page\/index.php?rest_route=\/wp\/v2\/pages"}],"about":[{"href":"https:\/\/relaxed-galois.46-30-124-30.plesk.page\/index.php?rest_route=\/wp\/v2\/types\/page"}],"author":[{"embeddable":true,"href":"https:\/\/relaxed-galois.46-30-124-30.plesk.page\/index.php?rest_route=\/wp\/v2\/users\/4"}],"replies":[{"embeddable":true,"href":"https:\/\/relaxed-galois.46-30-124-30.plesk.page\/index.php?rest_route=%2Fwp%2Fv2%2Fcomments&post=2355"}],"version-history":[{"count":3,"href":"https:\/\/relaxed-galois.46-30-124-30.plesk.page\/index.php?rest_route=\/wp\/v2\/pages\/2355\/revisions"}],"predecessor-version":[{"id":2493,"href":"https:\/\/relaxed-galois.46-30-124-30.plesk.page\/index.php?rest_route=\/wp\/v2\/pages\/2355\/revisions\/2493"}],"up":[{"embeddable":true,"href":"https:\/\/relaxed-galois.46-30-124-30.plesk.page\/index.php?rest_route=\/wp\/v2\/pages\/26"}],"wp:featuredmedia":[{"embeddable":true,"href":"https:\/\/relaxed-galois.46-30-124-30.plesk.page\/index.php?rest_route=\/wp\/v2\/media\/1894"}],"wp:attachment":[{"href":"https:\/\/relaxed-galois.46-30-124-30.plesk.page\/index.php?rest_route=%2Fwp%2Fv2%2Fmedia&parent=2355"}],"curies":[{"name":"wp","href":"https:\/\/api.w.org\/{rel}","templated":true}]}}