{"id":2367,"date":"2026-03-03T17:05:59","date_gmt":"2026-03-03T15:05:59","guid":{"rendered":"https:\/\/relaxed-galois.46-30-124-30.plesk.page\/?page_id=2367"},"modified":"2026-03-04T12:07:21","modified_gmt":"2026-03-04T10:07:21","slug":"stoettemedlemmer","status":"publish","type":"page","link":"https:\/\/relaxed-galois.46-30-124-30.plesk.page\/?page_id=2367","title":{"rendered":"St\u00f8ttemedlemmer"},"content":{"rendered":"<h3><strong>Bliv st\u00f8ttemedlem \u2013 og v\u00e6r med til at styrke f\u00e6llesskabet<\/strong><\/h3>\n<p>Vil du v\u00e6re med til at st\u00f8tte det lokale idr\u00e6tsliv i Stoholm \u2013 uden n\u00f8dvendigvis selv at v\u00e6re aktiv ud\u00f8ver?<br \/>\nSom <strong>st\u00f8ttemedlem i Stoholm Idr\u00e6tsforening<\/strong> bidrager du til at skabe gode rammer for b\u00f8rn, unge og voksne, og du er med til at sikre, at vi kan tilbyde aktiviteter, faciliteter og f\u00e6llesskab i h\u00f8j kvalitet.<\/p>\n<h4><strong>Hvad f\u00e5r du som st\u00f8ttemedlem?<\/strong><\/h4>\n<ul>\n<li>Mulighed for at deltage i generalforsamling og f\u00e5 indflydelse<\/li>\n<li>Opdateringer fra foreningen<\/li>\n<li>En st\u00e6rk f\u00f8lelse af at g\u00f8re en forskel i lokalsamfundet<\/li>\n<\/ul>\n<p>\ud83d\udc49 Kontakt os for at blive st\u00f8ttemedlem \u2013 eller tilmeld dig direkte via [inds\u00e6t link eller kontaktinfo].<br \/>\nLink til conventus<\/p>\n<p>Tak fordi du st\u00f8tter Stoholm Idr\u00e6tsforening \u2013 din opbakning betyder mere, end du tror!<\/p>\n","protected":false},"excerpt":{"rendered":"<p>Bliv st\u00f8ttemedlem \u2013 og v\u00e6r med til at styrke f\u00e6llesskabet Vil du v\u00e6re med til at st\u00f8tte det lokale idr\u00e6tsliv i Stoholm \u2013 uden n\u00f8dvendigvis selv at v\u00e6re aktiv ud\u00f8ver? Som st\u00f8ttemedlem i Stoholm Idr\u00e6tsforening bidrager du til at skabe gode rammer for b\u00f8rn, unge og voksne, og du er med til at sikre, at [&hellip;]<\/p>\n","protected":false},"author":4,"featured_media":1894,"parent":26,"menu_order":0,"comment_status":"closed","ping_status":"closed","template":"","meta":{"_et_pb_use_builder":"","_et_pb_old_content":"","_et_gb_content_width":"","footnotes":""},"class_list":["post-2367","page","type-page","status-publish","has-post-thumbnail","hentry"],"_links":{"self":[{"href":"https:\/\/relaxed-galois.46-30-124-30.plesk.page\/index.php?rest_route=\/wp\/v2\/pages\/2367","targetHints":{"allow":["GET"]}}],"collection":[{"href":"https:\/\/relaxed-galois.46-30-124-30.plesk.page\/index.php?rest_route=\/wp\/v2\/pages"}],"about":[{"href":"https:\/\/relaxed-galois.46-30-124-30.plesk.page\/index.php?rest_route=\/wp\/v2\/types\/page"}],"author":[{"embeddable":true,"href":"https:\/\/relaxed-galois.46-30-124-30.plesk.page\/index.php?rest_route=\/wp\/v2\/users\/4"}],"replies":[{"embeddable":true,"href":"https:\/\/relaxed-galois.46-30-124-30.plesk.page\/index.php?rest_route=%2Fwp%2Fv2%2Fcomments&post=2367"}],"version-history":[{"count":2,"href":"https:\/\/relaxed-galois.46-30-124-30.plesk.page\/index.php?rest_route=\/wp\/v2\/pages\/2367\/revisions"}],"predecessor-version":[{"id":2498,"href":"https:\/\/relaxed-galois.46-30-124-30.plesk.page\/index.php?rest_route=\/wp\/v2\/pages\/2367\/revisions\/2498"}],"up":[{"embeddable":true,"href":"https:\/\/relaxed-galois.46-30-124-30.plesk.page\/index.php?rest_route=\/wp\/v2\/pages\/26"}],"wp:featuredmedia":[{"embeddable":true,"href":"https:\/\/relaxed-galois.46-30-124-30.plesk.page\/index.php?rest_route=\/wp\/v2\/media\/1894"}],"wp:attachment":[{"href":"https:\/\/relaxed-galois.46-30-124-30.plesk.page\/index.php?rest_route=%2Fwp%2Fv2%2Fmedia&parent=2367"}],"curies":[{"name":"wp","href":"https:\/\/api.w.org\/{rel}","templated":true}]}}