{"id":2376,"date":"2026-03-03T17:06:21","date_gmt":"2026-03-03T15:06:21","guid":{"rendered":"https:\/\/relaxed-galois.46-30-124-30.plesk.page\/?page_id=2376"},"modified":"2026-03-04T12:08:47","modified_gmt":"2026-03-04T10:08:47","slug":"pokaler-og-aeresmedlemmer","status":"publish","type":"page","link":"https:\/\/relaxed-galois.46-30-124-30.plesk.page\/?page_id=2376","title":{"rendered":"Pokaler og \u00e6resmedlemmer"},"content":{"rendered":"<h3><strong>\u00a0Jubil\u00e6umspokalen \u2013 en hyldest til frivilligheden<\/strong><\/h3>\n<p><strong>Stoholm Idr\u00e6tsforenings Jubil\u00e6umspokal<\/strong> er en s\u00e6rlig anerkendelse, som hvert \u00e5r gives til en person, der har ydet en ekstraordin\u00e6r indsats for foreningen \u2013 b\u00e5de tidligere og aktuelt, og som fortsat \u00f8nsker at bidrage til f\u00e6llesskabet.<\/p>\n<p>Pokalen kan tildeles en:<\/p>\n<ul>\n<li>Tr\u00e6ner<\/li>\n<li>Holdleder<\/li>\n<li>Frivillig<\/li>\n<li>Aktiv leder eller medlem<\/li>\n<\/ul>\n<p>Det er et udvalg nedsat af hovedbestyrelsen, der suver\u00e6nt beslutter, hvem der skal modtage pokalen. Udvalget best\u00e5r af form\u00e6ndene fra de enkelte afdelinger samt formanden for Stoholm IF.<br \/>\n<strong>Nuv\u00e6rende udvalg<\/strong>: Sanne \u00d8. Stilling, Rene Fogtmann, Anders Jakobsen, Sissel S. J\u00f8rgensen og Louise Pedersen.<\/p>\n<h4><strong>Vil du indstille en kandidat?<\/strong><\/h4>\n<p>Send din indstilling til:<br \/>\n\ud83d\udce7 <a href=\"mailto:StoholmIF@outlook.dk\">StoholmIF@outlook.dk<br \/>\n<\/a>\u00a0\ud83d\udce7 <a href=\"mailto:Louisenp87@outlook.dk\">Louisenp87@outlook.dk<\/a><\/p>\n<p><strong>Tidligere modtagere<\/strong> (siden 1996):<br \/>\nHenning Ryberg, Agnes Jensen, Conny Christiansen, Inge Lise Frandsen, Henning Fynbo Pedersen, Ryan Kristensen, Anton Konradsen, Hanne Toft V\u00e6sel, Peter Hansen, Gitte Christensen, Mogens Laursen, Carlo Albertsen, Edith Toft, Tonny S\u00f8rensen, Tommy Nielsen, Finn &#8220;R\u00f8r&#8221; Jensen, Allan Vestergaard, Lars Barrett, Nicolas Laigaard, Heidi Dyring, Anders Jakobsen, Anita Skov, Thorkild Larsen, Kurt Jensen, Niels J\u00f8rgen Norden Svendsen.<\/p>\n<p>&nbsp;<\/p>\n<h3><strong>\u00c6resmedlemmer i Stoholm Idr\u00e6tsforening<\/strong><\/h3>\n<p>Hvert femte \u00e5r vurderer hovedbestyrelsen, i samr\u00e5d med afdelingsform\u00e6ndene, om der er personer, som fortjener at blive udn\u00e6vnt til <strong>\u00e6resmedlem<\/strong> \u2013 en af foreningens fineste h\u00e6dersbevisninger.<\/p>\n<p>Det er ikke givet, at der udn\u00e6vnes \u00e6resmedlemmer hvert femte \u00e5r. Udn\u00e6vnelsen sker kun, n\u00e5r en person har ydet en <strong>langvarig og uvurderlig indsats<\/strong> for Stoholm IF.<\/p>\n<h4><strong>Et \u00e6resmedlem har:<\/strong><\/h4>\n<ul>\n<li>Gennem mange \u00e5r arbejdet frivilligt og engageret for foreningen<\/li>\n<li>Vist vilje til at hj\u00e6lpe \u2013 b\u00e5de i det sm\u00e5 og store<\/li>\n<li>Bidraget til at styrke og samle Stoholm Idr\u00e6tsforening<\/li>\n<\/ul>\n<p>\u00c6resmedlemmer er dem, der har v\u00e6ret med til at forme foreningen \u2013 og som har gjort en forskel, vi aldrig glemmer.<\/p>\n<p><strong>Tidligere modtagere<\/strong> (siden 1997):<\/p>\n<p>Henning Karlsen\u00a0\u00a0\u00a0\u00a0\u00a0\u00a0\u00a0\u00a0\u00a0\u00a0\u00a0\u00a0\u00a0\u00a0\u00a0\u00a0\u00a0\u00a0\u00a0\u00a0\u00a0\u00a0\u00a0\u00a0\u00a0\u00a0\u00a0\u00a0\u00a0\u00a0\u00a0\u00a0\u00a0\u00a0\u00a0\u00a0\u00a0\u00a0\u00a0\u00a0\u00a0\u00a0\u00a0\u00a0\u00a0\u00a0\u00a0\u00a0\u00a0\u00a0\u00a0\u00a0\u00a0\u00a0 19. februar 1997<br \/>\nAgnes Jensen\u00a0\u00a0\u00a0\u00a0\u00a0\u00a0\u00a0\u00a0\u00a0\u00a0\u00a0\u00a0\u00a0\u00a0\u00a0\u00a0\u00a0\u00a0\u00a0\u00a0\u00a0\u00a0\u00a0\u00a0\u00a0\u00a0\u00a0\u00a0\u00a0\u00a0\u00a0\u00a0\u00a0\u00a0\u00a0\u00a0\u00a0\u00a0\u00a0\u00a0\u00a0\u00a0\u00a0\u00a0\u00a0\u00a0\u00a0\u00a0\u00a0\u00a0\u00a0\u00a0\u00a0\u00a0\u00a0\u00a0\u00a0\u00a0\u00a0 23. februar 2004<br \/>\nJens J\u00f8rgen Jensen (Sj\u00f8nne)\u00a0\u00a0\u00a0\u00a0\u00a0\u00a0\u00a0\u00a0\u00a0\u00a0\u00a0\u00a0\u00a0\u00a0\u00a0\u00a0\u00a0\u00a0\u00a0\u00a0\u00a0\u00a0\u00a0\u00a0\u00a0\u00a0\u00a0\u00a0\u00a0\u00a0 23. februar 2004<br \/>\nHenning Ryberg\u00a0\u00a0\u00a0\u00a0\u00a0\u00a0\u00a0\u00a0\u00a0\u00a0\u00a0\u00a0\u00a0\u00a0\u00a0\u00a0\u00a0\u00a0\u00a0\u00a0\u00a0\u00a0\u00a0\u00a0\u00a0\u00a0\u00a0\u00a0\u00a0\u00a0\u00a0\u00a0\u00a0\u00a0\u00a0\u00a0\u00a0\u00a0\u00a0\u00a0\u00a0\u00a0\u00a0\u00a0\u00a0\u00a0\u00a0\u00a0\u00a0\u00a0\u00a0\u00a0\u00a0\u00a0 25. februar 2008<br \/>\nTonny S\u00f8rensen\u00a0\u00a0\u00a0\u00a0\u00a0\u00a0\u00a0\u00a0\u00a0\u00a0\u00a0\u00a0\u00a0\u00a0\u00a0\u00a0\u00a0\u00a0\u00a0\u00a0\u00a0\u00a0\u00a0\u00a0\u00a0\u00a0\u00a0\u00a0\u00a0\u00a0\u00a0\u00a0\u00a0\u00a0\u00a0\u00a0\u00a0\u00a0\u00a0\u00a0\u00a0\u00a0\u00a0\u00a0\u00a0\u00a0\u00a0\u00a0\u00a0\u00a0\u00a0\u00a0\u00a0\u00a0 03. oktober 2011<br \/>\nEdtih Toft\u00a0\u00a0\u00a0\u00a0\u00a0\u00a0\u00a0\u00a0\u00a0\u00a0\u00a0\u00a0\u00a0\u00a0\u00a0\u00a0\u00a0\u00a0\u00a0\u00a0\u00a0\u00a0\u00a0\u00a0\u00a0\u00a0\u00a0\u00a0\u00a0\u00a0\u00a0\u00a0\u00a0\u00a0\u00a0\u00a0\u00a0\u00a0\u00a0\u00a0\u00a0\u00a0\u00a0\u00a0\u00a0\u00a0\u00a0\u00a0\u00a0\u00a0\u00a0\u00a0\u00a0\u00a0\u00a0\u00a0\u00a0\u00a0\u00a0\u00a0\u00a0\u00a0\u00a0\u00a0\u00a0\u00a0\u00a0 03. oktober 2011<\/p>\n","protected":false},"excerpt":{"rendered":"<p>\u00a0Jubil\u00e6umspokalen \u2013 en hyldest til frivilligheden Stoholm Idr\u00e6tsforenings Jubil\u00e6umspokal er en s\u00e6rlig anerkendelse, som hvert \u00e5r gives til en person, der har ydet en ekstraordin\u00e6r indsats for foreningen \u2013 b\u00e5de tidligere og aktuelt, og som fortsat \u00f8nsker at bidrage til f\u00e6llesskabet. Pokalen kan tildeles en: Tr\u00e6ner Holdleder Frivillig Aktiv leder eller medlem Det er et [&hellip;]<\/p>\n","protected":false},"author":4,"featured_media":1894,"parent":26,"menu_order":0,"comment_status":"closed","ping_status":"closed","template":"","meta":{"_et_pb_use_builder":"","_et_pb_old_content":"","_et_gb_content_width":"","footnotes":""},"class_list":["post-2376","page","type-page","status-publish","has-post-thumbnail","hentry"],"_links":{"self":[{"href":"https:\/\/relaxed-galois.46-30-124-30.plesk.page\/index.php?rest_route=\/wp\/v2\/pages\/2376","targetHints":{"allow":["GET"]}}],"collection":[{"href":"https:\/\/relaxed-galois.46-30-124-30.plesk.page\/index.php?rest_route=\/wp\/v2\/pages"}],"about":[{"href":"https:\/\/relaxed-galois.46-30-124-30.plesk.page\/index.php?rest_route=\/wp\/v2\/types\/page"}],"author":[{"embeddable":true,"href":"https:\/\/relaxed-galois.46-30-124-30.plesk.page\/index.php?rest_route=\/wp\/v2\/users\/4"}],"replies":[{"embeddable":true,"href":"https:\/\/relaxed-galois.46-30-124-30.plesk.page\/index.php?rest_route=%2Fwp%2Fv2%2Fcomments&post=2376"}],"version-history":[{"count":2,"href":"https:\/\/relaxed-galois.46-30-124-30.plesk.page\/index.php?rest_route=\/wp\/v2\/pages\/2376\/revisions"}],"predecessor-version":[{"id":2501,"href":"https:\/\/relaxed-galois.46-30-124-30.plesk.page\/index.php?rest_route=\/wp\/v2\/pages\/2376\/revisions\/2501"}],"up":[{"embeddable":true,"href":"https:\/\/relaxed-galois.46-30-124-30.plesk.page\/index.php?rest_route=\/wp\/v2\/pages\/26"}],"wp:featuredmedia":[{"embeddable":true,"href":"https:\/\/relaxed-galois.46-30-124-30.plesk.page\/index.php?rest_route=\/wp\/v2\/media\/1894"}],"wp:attachment":[{"href":"https:\/\/relaxed-galois.46-30-124-30.plesk.page\/index.php?rest_route=%2Fwp%2Fv2%2Fmedia&parent=2376"}],"curies":[{"name":"wp","href":"https:\/\/api.w.org\/{rel}","templated":true}]}}