{"id":2382,"date":"2026-03-03T17:07:35","date_gmt":"2026-03-03T15:07:35","guid":{"rendered":"https:\/\/relaxed-galois.46-30-124-30.plesk.page\/?page_id=2382"},"modified":"2026-03-04T12:27:03","modified_gmt":"2026-03-04T10:27:03","slug":"ny-i-klubben","status":"publish","type":"page","link":"https:\/\/relaxed-galois.46-30-124-30.plesk.page\/?page_id=2382","title":{"rendered":"Ny i klubben"},"content":{"rendered":"<p>Ny i klubben<\/p>\n<p>Kom godt i gang med atletik hos Stoholm Atletik<\/p>\n<p>Kunne du t\u00e6nke dig at starte til atletik? Du er mere end velkommen til at m\u00f8de op til tr\u00e6ningen og pr\u00f8ve det af. Vi tilbyder, at du kan deltage tre gange gratis, inden du skal beslutte, om du vil meldes ind i Stoholm Atletik.<\/p>\n<p>Du kan bare m\u00f8de op og v\u00e6re med. Hvis du har sp\u00f8rgsm\u00e5l eller gerne vil vide mere, er du altid velkommen til at kontakte en af tr\u00e6nerne for din aldersgruppe.<\/p>\n<ul>\n<li>Pr\u00f8vetr\u00e6ning: 3 gratis tr\u00e6ninger, f\u00f8r du skal meldes ind<\/li>\n<li>M\u00f8d bare op: Du beh\u00f8ver ikke tilmelde dig p\u00e5 forh\u00e5nd<\/li>\n<li>Kontakt: Find kontaktoplysninger p\u00e5 tr\u00e6nere under holdoversigten<\/li>\n<\/ul>\n<h2>Roster og st\u00e6vner<\/h2>\n<p>Du kan downloade Roster fra App Store eller Google Play. Her kan du se tidsplaner for st\u00e6vner samt resultater.<\/p>\n<p>Tilmelding til st\u00e6vner foreg\u00e5r via vores Facebook-side.<\/p>\n<p>&nbsp;<\/p>\n<p>Vi gl\u00e6der os til at se dig p\u00e5 banen!<\/p>\n","protected":false},"excerpt":{"rendered":"<p>Ny i klubben Kom godt i gang med atletik hos Stoholm Atletik Kunne du t\u00e6nke dig at starte til atletik? Du er mere end velkommen til at m\u00f8de op til tr\u00e6ningen og pr\u00f8ve det af. Vi tilbyder, at du kan deltage tre gange gratis, inden du skal beslutte, om du vil meldes ind i Stoholm [&hellip;]<\/p>\n","protected":false},"author":4,"featured_media":1894,"parent":2379,"menu_order":0,"comment_status":"closed","ping_status":"closed","template":"","meta":{"_et_pb_use_builder":"","_et_pb_old_content":"","_et_gb_content_width":"","footnotes":""},"class_list":["post-2382","page","type-page","status-publish","has-post-thumbnail","hentry"],"_links":{"self":[{"href":"https:\/\/relaxed-galois.46-30-124-30.plesk.page\/index.php?rest_route=\/wp\/v2\/pages\/2382","targetHints":{"allow":["GET"]}}],"collection":[{"href":"https:\/\/relaxed-galois.46-30-124-30.plesk.page\/index.php?rest_route=\/wp\/v2\/pages"}],"about":[{"href":"https:\/\/relaxed-galois.46-30-124-30.plesk.page\/index.php?rest_route=\/wp\/v2\/types\/page"}],"author":[{"embeddable":true,"href":"https:\/\/relaxed-galois.46-30-124-30.plesk.page\/index.php?rest_route=\/wp\/v2\/users\/4"}],"replies":[{"embeddable":true,"href":"https:\/\/relaxed-galois.46-30-124-30.plesk.page\/index.php?rest_route=%2Fwp%2Fv2%2Fcomments&post=2382"}],"version-history":[{"count":2,"href":"https:\/\/relaxed-galois.46-30-124-30.plesk.page\/index.php?rest_route=\/wp\/v2\/pages\/2382\/revisions"}],"predecessor-version":[{"id":2525,"href":"https:\/\/relaxed-galois.46-30-124-30.plesk.page\/index.php?rest_route=\/wp\/v2\/pages\/2382\/revisions\/2525"}],"up":[{"embeddable":true,"href":"https:\/\/relaxed-galois.46-30-124-30.plesk.page\/index.php?rest_route=\/wp\/v2\/pages\/2379"}],"wp:featuredmedia":[{"embeddable":true,"href":"https:\/\/relaxed-galois.46-30-124-30.plesk.page\/index.php?rest_route=\/wp\/v2\/media\/1894"}],"wp:attachment":[{"href":"https:\/\/relaxed-galois.46-30-124-30.plesk.page\/index.php?rest_route=%2Fwp%2Fv2%2Fmedia&parent=2382"}],"curies":[{"name":"wp","href":"https:\/\/api.w.org\/{rel}","templated":true}]}}