{"id":2416,"date":"2026-03-03T17:09:59","date_gmt":"2026-03-03T15:09:59","guid":{"rendered":"https:\/\/relaxed-galois.46-30-124-30.plesk.page\/?page_id=2416"},"modified":"2026-03-04T12:55:14","modified_gmt":"2026-03-04T10:55:14","slug":"ungdom-og-senior","status":"publish","type":"page","link":"https:\/\/relaxed-galois.46-30-124-30.plesk.page\/?page_id=2416","title":{"rendered":"Ungdom og senior"},"content":{"rendered":"<p>Tr\u00e6neroversigt er ikke helt up to date:<\/p>\n<p>Er p\u00e5 vej. Brug bare f\u00f8lgende indtil<\/p>\n<p><a href=\"https:\/\/stoholm-if.dk\/fodbold\/tr%C3%A6nere-i-klubben-ungdom\">https:\/\/stoholm-if.dk\/fodbold\/tr%C3%A6nere-i-klubben-ungdom<\/a><\/p>\n<p><a href=\"https:\/\/stoholm-if.dk\/fodbold\/tr%C3%A6nere-i-klubben-senior\/herrer\">https:\/\/stoholm-if.dk\/fodbold\/tr%C3%A6nere-i-klubben-senior\/herrer<\/a><\/p>\n<p>&nbsp;<\/p>\n","protected":false},"excerpt":{"rendered":"<p>Tr\u00e6neroversigt er ikke helt up to date: Er p\u00e5 vej. Brug bare f\u00f8lgende indtil https:\/\/stoholm-if.dk\/fodbold\/tr%C3%A6nere-i-klubben-ungdom https:\/\/stoholm-if.dk\/fodbold\/tr%C3%A6nere-i-klubben-senior\/herrer &nbsp;<\/p>\n","protected":false},"author":4,"featured_media":1894,"parent":2409,"menu_order":0,"comment_status":"closed","ping_status":"closed","template":"","meta":{"_et_pb_use_builder":"","_et_pb_old_content":"","_et_gb_content_width":"","footnotes":""},"class_list":["post-2416","page","type-page","status-publish","has-post-thumbnail","hentry"],"_links":{"self":[{"href":"https:\/\/relaxed-galois.46-30-124-30.plesk.page\/index.php?rest_route=\/wp\/v2\/pages\/2416","targetHints":{"allow":["GET"]}}],"collection":[{"href":"https:\/\/relaxed-galois.46-30-124-30.plesk.page\/index.php?rest_route=\/wp\/v2\/pages"}],"about":[{"href":"https:\/\/relaxed-galois.46-30-124-30.plesk.page\/index.php?rest_route=\/wp\/v2\/types\/page"}],"author":[{"embeddable":true,"href":"https:\/\/relaxed-galois.46-30-124-30.plesk.page\/index.php?rest_route=\/wp\/v2\/users\/4"}],"replies":[{"embeddable":true,"href":"https:\/\/relaxed-galois.46-30-124-30.plesk.page\/index.php?rest_route=%2Fwp%2Fv2%2Fcomments&post=2416"}],"version-history":[{"count":2,"href":"https:\/\/relaxed-galois.46-30-124-30.plesk.page\/index.php?rest_route=\/wp\/v2\/pages\/2416\/revisions"}],"predecessor-version":[{"id":2538,"href":"https:\/\/relaxed-galois.46-30-124-30.plesk.page\/index.php?rest_route=\/wp\/v2\/pages\/2416\/revisions\/2538"}],"up":[{"embeddable":true,"href":"https:\/\/relaxed-galois.46-30-124-30.plesk.page\/index.php?rest_route=\/wp\/v2\/pages\/2409"}],"wp:featuredmedia":[{"embeddable":true,"href":"https:\/\/relaxed-galois.46-30-124-30.plesk.page\/index.php?rest_route=\/wp\/v2\/media\/1894"}],"wp:attachment":[{"href":"https:\/\/relaxed-galois.46-30-124-30.plesk.page\/index.php?rest_route=%2Fwp%2Fv2%2Fmedia&parent=2416"}],"curies":[{"name":"wp","href":"https:\/\/api.w.org\/{rel}","templated":true}]}}