{"id":2438,"date":"2026-03-03T17:12:25","date_gmt":"2026-03-03T15:12:25","guid":{"rendered":"https:\/\/relaxed-galois.46-30-124-30.plesk.page\/?page_id=2438"},"modified":"2026-03-05T12:34:53","modified_gmt":"2026-03-05T10:34:53","slug":"forretningsorden","status":"publish","type":"page","link":"https:\/\/relaxed-galois.46-30-124-30.plesk.page\/?page_id=2438","title":{"rendered":"Forretningsorden"},"content":{"rendered":"<p>Hvad arbejder vi for? Politikker mm.<\/p>\n<p>Filen l\u00e6gges ind, n\u00e5r den er godkendt<\/p>\n<p class=\"text\"><strong>SIF H\u00e5ndbolds P\u00e6dofilipolitik<\/strong><\/p>\n<p>SIF H\u00e5ndbold \u00f8nsker at f\u00f8lge Dansk H\u00e5ndbold Forbunds opfordring til at prioritere b\u00f8rns sikkerhed mod p\u00e6dofili samt voksnes omgang med b\u00f8rn og unge i h\u00e5ndboldmilj\u00f8et h\u00f8jt.<\/p>\n<p>SIF H\u00e5ndbold skal i henhold til loven kontrollere tr\u00e6nere og ledere i Det Centrale Kriminalregister, hvor der findes oplysninger om personer, der er d\u00f8mt for p\u00e6dofili i form af bluf\u00e6rdighedskr\u00e6nkelse eller seksuelle overgreb mod b\u00f8rn under 15 \u00e5r.<br \/>\nSIF H\u00e5ndbold har udarbejdet et s\u00e6t retningslinjer for, hvordan vores tr\u00e6nere og ledere b\u00f8r omg\u00e5s SIF H\u00e5ndbolds b\u00f8rne- og ungdomsmedlemmer.<br \/>\nSIF H\u00e5ndbold \u00f8nsker l\u00f8bende en dialog mellem for\u00e6ldre, tr\u00e6nere og ledere om SIF H\u00e5ndbolds holdning til p\u00e6dofili og voksnes omgang med SIF H\u00e5ndbolds b\u00f8rne- og ungdomsmedlemmer.<\/p>\n<p><strong>Generelle regler om voksnes omgang med b\u00f8rn og unge:<\/strong><br \/>\nTr\u00e6nere og ledere af det modsatte k\u00f8n skal holde sig ude fra omkl\u00e6dningsrum under omkl\u00e6dning og bad.<br \/>\nTr\u00e6nere og ledere skal respektere det enkelte barn\/unges bluf\u00e6rdighed og v\u00e6re bevidste om ikke at uds\u00e6tte dem for seksuelle kr\u00e6nkelser af s\u00e5vel fysisk som ikke-fysisk karakter. Tr\u00e6nere og ledere skal praktisere en omgangstone, som sikrer, at ingen uds\u00e6ttes for verbale kr\u00e6nkelser.<br \/>\nTr\u00e6nere og ledere skal respektere det enkelte barn\/unges gr\u00e6nser for kropskontakt. Kys og ber\u00f8ring af skridtet og bryster er aldrig acceptable.<br \/>\nTr\u00e6nere og ledere skal v\u00e6re bevidste om deres betydning som voksne rollemodeller for b\u00f8rn og unge &#8211; og at de overfor b\u00f8rn og unge repr\u00e6senterer dansk h\u00e5ndbold.<br \/>\nEn leders misbrug af sin position og erfaring i forhold til b\u00f8rn og unge er i \u00f8vrigt strafbart, og kan anmeldes til politiet.<\/p>\n<p><strong>Adf\u00e6rd p\u00e5 ture, st\u00e6vner m.m.:<\/strong><br \/>\nP\u00e5 ture b\u00f8r der v\u00e6re mindst en tr\u00e6ner\/leder af samme k\u00f8n som spillerne &#8211; eller minimum to voksne tr\u00e6nere\/ledere. Kan det ikke lade sig g\u00f8re indenfor tr\u00e6ner\/ledergruppens ressourcer, b\u00f8r for\u00e6ldregruppen inddrages. Det er vigtigt at kunne f\u00f8lge spillerne overalt uden, at k\u00f8nnet s\u00e6tter en begr\u00e6nsning.<\/p>\n<p><strong>Bade- og omkl\u00e6dningssituationer:<\/strong><br \/>\nOmkl\u00e6dningsrummet er spillernes frirum. Tr\u00e6nere af det modsatte k\u00f8n m\u00e5 naturligvis ikke opholde sig i omkl\u00e6dningsrummet under omkl\u00e6dning og bad, men alle tr\u00e6nere og ledere skal generelt kun opholde sig i omkl\u00e6dningsrummet i forbindelse med taktikm\u00f8de, i halvlegen og efter kampen. Dog skal tr\u00e6nere og ledere altid sikre sig, at spillerne er f\u00e6rdige med at kl\u00e6de om og bade.<\/p>\n<p><strong>Gr\u00e6nser for kropskontakt:<\/strong><br \/>\nTr\u00e6nere og ledere skal v\u00e6re opm\u00e6rksomme p\u00e5 kropskontakten til spillerne. Ber\u00f8ring af skridt og bryster, vil altid v\u00e6re uacceptabelt.<\/p>\n<p>H\u00e5ndboldsporten handler meget om f\u00f8lelser og oplevelser. Her skal v\u00e6re plads til b\u00e5de sejrsknus, et klap p\u00e5 skulderen, eller en tr\u00f8stende omfavnelse til dem, som f\u00f8ler nederlag eller har sl\u00e5et sig. Frygten for beskyldning om seksuelle overgreb m\u00e5 aldrig f\u00f8re til, at tr\u00e6neren ikke t\u00f8r r\u00f8re spillerne.<\/p>\n<p><strong>Omgangstone:<\/strong><br \/>\nTr\u00e6nere og ledere skal v\u00e6re bevidste om deres omgangstone med spillerne og derved skabe et trygt og positivt milj\u00f8, hvor spillerne trives.<\/p>\n<p>Tr\u00e6nere\/lederes evt. samv\u00e6r med b\u00f8rn og unge:<br \/>\nTr\u00e6nere og ledere b\u00f8r ikke bringe sig i situationer, som kan give anledning til misforst\u00e5elser. Is\u00e6r b\u00f8r man v\u00e6re opm\u00e6rksom p\u00e5 situationer, hvor tr\u00e6neren eller lederen er alene med et barn\/en ung i andre sammenh\u00e6nge end i foreningsregi.<\/p>\n<p><strong>Tr\u00e6nere\/ledere som rollemodeller:<\/strong><br \/>\nTr\u00e6nere skal v\u00e6re bevidste om deres rolle som formidler af h\u00e5ndboldens v\u00e6rdier. Det er vigtigt, at tr\u00e6nere er bevidste om, at han\/hun er rollemodel for spillerne.<\/p>\n<p><strong>Indhentelse af oplysninger:<\/strong><br \/>\nTr\u00e6nere og ledere af hold med b\u00f8rn\/unge under 15 \u00e5r i SIF H\u00e5ndbold skal give tilladelse til, at der kan indhentes oplysninger om tr\u00e6neren\/lederen i &#8220;Det Centrale Kriminalregister&#8221;. I den forbindelse skal tr\u00e6nere\/ledere underskrive en s\u00e6rlig blanket.<\/p>\n<p>Hvis H\u00e5ndboldudvalget i SIF bliver opm\u00e6rksom p\u00e5 personer, som ikke f\u00f8lger ovenst\u00e5ende retningslinier, vil det blive behandlet omg\u00e5ende.<\/p>\n","protected":false},"excerpt":{"rendered":"<p>Hvad arbejder vi for? Politikker mm. Filen l\u00e6gges ind, n\u00e5r den er godkendt SIF H\u00e5ndbolds P\u00e6dofilipolitik SIF H\u00e5ndbold \u00f8nsker at f\u00f8lge Dansk H\u00e5ndbold Forbunds opfordring til at prioritere b\u00f8rns sikkerhed mod p\u00e6dofili samt voksnes omgang med b\u00f8rn og unge i h\u00e5ndboldmilj\u00f8et h\u00f8jt. SIF H\u00e5ndbold skal i henhold til loven kontrollere tr\u00e6nere og ledere i Det [&hellip;]<\/p>\n","protected":false},"author":4,"featured_media":1894,"parent":2435,"menu_order":0,"comment_status":"closed","ping_status":"closed","template":"","meta":{"_et_pb_use_builder":"","_et_pb_old_content":"","_et_gb_content_width":"","footnotes":""},"class_list":["post-2438","page","type-page","status-publish","has-post-thumbnail","hentry"],"_links":{"self":[{"href":"https:\/\/relaxed-galois.46-30-124-30.plesk.page\/index.php?rest_route=\/wp\/v2\/pages\/2438","targetHints":{"allow":["GET"]}}],"collection":[{"href":"https:\/\/relaxed-galois.46-30-124-30.plesk.page\/index.php?rest_route=\/wp\/v2\/pages"}],"about":[{"href":"https:\/\/relaxed-galois.46-30-124-30.plesk.page\/index.php?rest_route=\/wp\/v2\/types\/page"}],"author":[{"embeddable":true,"href":"https:\/\/relaxed-galois.46-30-124-30.plesk.page\/index.php?rest_route=\/wp\/v2\/users\/4"}],"replies":[{"embeddable":true,"href":"https:\/\/relaxed-galois.46-30-124-30.plesk.page\/index.php?rest_route=%2Fwp%2Fv2%2Fcomments&post=2438"}],"version-history":[{"count":3,"href":"https:\/\/relaxed-galois.46-30-124-30.plesk.page\/index.php?rest_route=\/wp\/v2\/pages\/2438\/revisions"}],"predecessor-version":[{"id":2575,"href":"https:\/\/relaxed-galois.46-30-124-30.plesk.page\/index.php?rest_route=\/wp\/v2\/pages\/2438\/revisions\/2575"}],"up":[{"embeddable":true,"href":"https:\/\/relaxed-galois.46-30-124-30.plesk.page\/index.php?rest_route=\/wp\/v2\/pages\/2435"}],"wp:featuredmedia":[{"embeddable":true,"href":"https:\/\/relaxed-galois.46-30-124-30.plesk.page\/index.php?rest_route=\/wp\/v2\/media\/1894"}],"wp:attachment":[{"href":"https:\/\/relaxed-galois.46-30-124-30.plesk.page\/index.php?rest_route=%2Fwp%2Fv2%2Fmedia&parent=2438"}],"curies":[{"name":"wp","href":"https:\/\/api.w.org\/{rel}","templated":true}]}}