{"id":2448,"date":"2026-03-03T17:13:05","date_gmt":"2026-03-03T15:13:05","guid":{"rendered":"https:\/\/relaxed-galois.46-30-124-30.plesk.page\/?page_id=2448"},"modified":"2026-03-04T15:56:39","modified_gmt":"2026-03-04T13:56:39","slug":"maalaktier","status":"publish","type":"page","link":"https:\/\/relaxed-galois.46-30-124-30.plesk.page\/?page_id=2448","title":{"rendered":"M\u00e5laktier"},"content":{"rendered":"<p><strong>M\u00e5lklubben \u2013 St\u00f8t SIF H\u00e5ndbold<\/strong><\/p>\n<p>SIF H\u00e5ndbold har mange engagerede medlemmer og frivillige, som hver s\u00e6son l\u00e6gger et stort arbejde i klubben. Med en m\u00e5laktie kan du v\u00e6re med til at st\u00f8tte udviklingen i h\u00e5ndboldafdelingen \u2013 et lille bidrag, der g\u00f8r en stor forskel.<\/p>\n<p>Gennem 34 s\u00e6soner har omkring 200 m\u00e5laktion\u00e6rer til sammen bidraget med ca. 25.000 kr. \u00e5rligt til klubbens arbejde. Pengene g\u00e5r direkte til at styrke tr\u00e6ning, materialer og rammerne for b\u00e5de b\u00f8rn, unge og voksne i SIF H\u00e5ndbold.<\/p>\n<p>Vil du v\u00e6re med? En m\u00e5laktie er en enkel m\u00e5de at bakke op om klubbens f\u00e6llesskab og fortsatte udvikling.<\/p>\n","protected":false},"excerpt":{"rendered":"<p>M\u00e5lklubben \u2013 St\u00f8t SIF H\u00e5ndbold SIF H\u00e5ndbold har mange engagerede medlemmer og frivillige, som hver s\u00e6son l\u00e6gger et stort arbejde i klubben. Med en m\u00e5laktie kan du v\u00e6re med til at st\u00f8tte udviklingen i h\u00e5ndboldafdelingen \u2013 et lille bidrag, der g\u00f8r en stor forskel. Gennem 34 s\u00e6soner har omkring 200 m\u00e5laktion\u00e6rer til sammen bidraget med [&hellip;]<\/p>\n","protected":false},"author":4,"featured_media":1894,"parent":2435,"menu_order":0,"comment_status":"closed","ping_status":"closed","template":"","meta":{"_et_pb_use_builder":"","_et_pb_old_content":"","_et_gb_content_width":"","footnotes":""},"class_list":["post-2448","page","type-page","status-publish","has-post-thumbnail","hentry"],"_links":{"self":[{"href":"https:\/\/relaxed-galois.46-30-124-30.plesk.page\/index.php?rest_route=\/wp\/v2\/pages\/2448","targetHints":{"allow":["GET"]}}],"collection":[{"href":"https:\/\/relaxed-galois.46-30-124-30.plesk.page\/index.php?rest_route=\/wp\/v2\/pages"}],"about":[{"href":"https:\/\/relaxed-galois.46-30-124-30.plesk.page\/index.php?rest_route=\/wp\/v2\/types\/page"}],"author":[{"embeddable":true,"href":"https:\/\/relaxed-galois.46-30-124-30.plesk.page\/index.php?rest_route=\/wp\/v2\/users\/4"}],"replies":[{"embeddable":true,"href":"https:\/\/relaxed-galois.46-30-124-30.plesk.page\/index.php?rest_route=%2Fwp%2Fv2%2Fcomments&post=2448"}],"version-history":[{"count":2,"href":"https:\/\/relaxed-galois.46-30-124-30.plesk.page\/index.php?rest_route=\/wp\/v2\/pages\/2448\/revisions"}],"predecessor-version":[{"id":2560,"href":"https:\/\/relaxed-galois.46-30-124-30.plesk.page\/index.php?rest_route=\/wp\/v2\/pages\/2448\/revisions\/2560"}],"up":[{"embeddable":true,"href":"https:\/\/relaxed-galois.46-30-124-30.plesk.page\/index.php?rest_route=\/wp\/v2\/pages\/2435"}],"wp:featuredmedia":[{"embeddable":true,"href":"https:\/\/relaxed-galois.46-30-124-30.plesk.page\/index.php?rest_route=\/wp\/v2\/media\/1894"}],"wp:attachment":[{"href":"https:\/\/relaxed-galois.46-30-124-30.plesk.page\/index.php?rest_route=%2Fwp%2Fv2%2Fmedia&parent=2448"}],"curies":[{"name":"wp","href":"https:\/\/api.w.org\/{rel}","templated":true}]}}