{"id":2545,"date":"2026-03-04T15:29:51","date_gmt":"2026-03-04T13:29:51","guid":{"rendered":"https:\/\/relaxed-galois.46-30-124-30.plesk.page\/?page_id=2545"},"modified":"2026-03-05T12:32:11","modified_gmt":"2026-03-05T10:32:11","slug":"frivillig-i-gymnastikafdelingen","status":"publish","type":"page","link":"https:\/\/relaxed-galois.46-30-124-30.plesk.page\/?page_id=2545","title":{"rendered":"Frivillig i Gymnastikafdelingen"},"content":{"rendered":"<h1>ER DU VORES NYE TR\u00c6NER ELLER HJ\u00c6LPE TR\u00c6NER?<\/h1>\n<h3>Vi er altid p\u00e5 udkig efter nye engagerede personer, som har lyst til at have med b\u00f8rn, unge og voksne at g\u00f8re \u2013 og vi kan ogs\u00e5 bruge dig!<\/h3>\n<p>S\u00e5 har du en tr\u00e6ner, hj\u00e6lpe tr\u00e6ner eller lignende gemt i maven eller har du en dr\u00f8m om at lave et helt nyt hold, som foreningen ikke har, s\u00e5 skriv en mail til Fjends GF.<\/p>\n<h4>Vores forventninger til dig er:<\/h4>\n<ul>\n<li>at du har lysten til at undervise b\u00f8rn eller voksne,<\/li>\n<li>at du er ansvarsbevidst og m\u00f8der i god tid f\u00f8r en tr\u00e6ning, er velforberedt og har et fornuftigt sprogbrug overfor gymnasterne,<\/li>\n<li>at\u00a0du deltager i tr\u00e6nerm\u00f8der og andre arrangementer i foreningen,<\/li>\n<li>at du l\u00f8bende giver besked om gode\/d\u00e5rlige oplevelser, s\u00e5 instrukt\u00f8rjobbet kan g\u00f8res lettere for dig.<\/li>\n<\/ul>\n<h4>Vi tilbyder:<\/h4>\n<ul>\n<li>En aktiv forening med et godt sammenhold mellem tr\u00e6ner og hj\u00e6lpetr\u00e6ner.<\/li>\n<li>Et godt udvalg af redskaber og andet tr\u00e6ningsudstyr, der er grundlag for en god undervisning,<\/li>\n<li>Gymnastikforeningen betaler relevante tr\u00e6nerkurser,<\/li>\n<li>Og ikke mindst, en masse gode og positive gymnaster.<\/li>\n<li>At v\u00e6re tr\u00e6ner og hj\u00e6lpetr\u00e6ner giver dig ogs\u00e5 erfaring, som kan skrives p\u00e5 dit CV og en udtalelse.<\/li>\n<\/ul>\n","protected":false},"excerpt":{"rendered":"<p>ER DU VORES NYE TR\u00c6NER ELLER HJ\u00c6LPE TR\u00c6NER? Vi er altid p\u00e5 udkig efter nye engagerede personer, som har lyst til at have med b\u00f8rn, unge og voksne at g\u00f8re \u2013 og vi kan ogs\u00e5 bruge dig! S\u00e5 har du en tr\u00e6ner, hj\u00e6lpe tr\u00e6ner eller lignende gemt i maven eller har du en dr\u00f8m om [&hellip;]<\/p>\n","protected":false},"author":4,"featured_media":1894,"parent":2424,"menu_order":0,"comment_status":"closed","ping_status":"closed","template":"","meta":{"_et_pb_use_builder":"","_et_pb_old_content":"","_et_gb_content_width":"","footnotes":""},"class_list":["post-2545","page","type-page","status-publish","has-post-thumbnail","hentry"],"_links":{"self":[{"href":"https:\/\/relaxed-galois.46-30-124-30.plesk.page\/index.php?rest_route=\/wp\/v2\/pages\/2545","targetHints":{"allow":["GET"]}}],"collection":[{"href":"https:\/\/relaxed-galois.46-30-124-30.plesk.page\/index.php?rest_route=\/wp\/v2\/pages"}],"about":[{"href":"https:\/\/relaxed-galois.46-30-124-30.plesk.page\/index.php?rest_route=\/wp\/v2\/types\/page"}],"author":[{"embeddable":true,"href":"https:\/\/relaxed-galois.46-30-124-30.plesk.page\/index.php?rest_route=\/wp\/v2\/users\/4"}],"replies":[{"embeddable":true,"href":"https:\/\/relaxed-galois.46-30-124-30.plesk.page\/index.php?rest_route=%2Fwp%2Fv2%2Fcomments&post=2545"}],"version-history":[{"count":3,"href":"https:\/\/relaxed-galois.46-30-124-30.plesk.page\/index.php?rest_route=\/wp\/v2\/pages\/2545\/revisions"}],"predecessor-version":[{"id":2573,"href":"https:\/\/relaxed-galois.46-30-124-30.plesk.page\/index.php?rest_route=\/wp\/v2\/pages\/2545\/revisions\/2573"}],"up":[{"embeddable":true,"href":"https:\/\/relaxed-galois.46-30-124-30.plesk.page\/index.php?rest_route=\/wp\/v2\/pages\/2424"}],"wp:featuredmedia":[{"embeddable":true,"href":"https:\/\/relaxed-galois.46-30-124-30.plesk.page\/index.php?rest_route=\/wp\/v2\/media\/1894"}],"wp:attachment":[{"href":"https:\/\/relaxed-galois.46-30-124-30.plesk.page\/index.php?rest_route=%2Fwp%2Fv2%2Fmedia&parent=2545"}],"curies":[{"name":"wp","href":"https:\/\/api.w.org\/{rel}","templated":true}]}}